rs of l?
11, 2687
Let p(b) be the third derivative of b**4/24 - 17*b**3/6 + 18*b**2. Let d be p(9). Let o = d + 39. What are the prime factors of o?
31
Suppose -148*z = -46*z - 2230740. List the prime factors of z.
2, 3, 5
Let v = 40450 - 14699. What are the prime factors of v?
11, 2341
Suppose -4*j - 13602 = -5*b, -b - 3*j + 2728 = -0*j. Let f = -1496 + b. What are the prime factors of f?
2, 613
Let q(k) = k**3 - 6*k**2 - 18*k + 16. Let z be q(8). Suppose z = -6*y + 2*y + 72. Suppose y*c = 20*c - 468. What are the prime factors of c?
2, 3, 13
Let l = 4435 + -2188. Let j be l/(-3)*((-6)/2)/3. Suppose -9*p = -2486 + j. What are the prime factors of p?
193
Let h be 1/(-4) + 1556/16. Let u = 769 + h. What are the prime factors of u?
2, 433
List the prime factors of 234666/66 - (-16)/(-88)*3.
3, 5, 79
Suppose r - 6*r - 25 = 5*a, 3*r + 10 = 2*a. Let z = 1640 - 1161. What are the prime factors of z/13 - r/26?
37
Let z(l) = -60*l**3 - 40*l - 301. List the prime factors of z(-7).
3, 7, 11, 89
Let q(m) = 5*m - 157. Let r be q(32). Suppose -r*f + 46 + 41 = 0. What are the prime factors of f?
29
What are the prime factors of -4 + 10 + 9608 - (8 + -5 + 4)?
13, 739
Let x(c) = -97*c - 59*c + 9*c. Let m(i) = i + 9. Let k be m(-10). What are the prime factors of x(k)?
3, 7
Let p(j) = -2*j. Let o be p(-1). Let u(h) = -7*h + 9. Let s(c) = 7*c - 8. Let w(f) = o*u(f) + 3*s(f). What are the prime factors of w(4)?
2, 11
Suppose 0 = -2*l + 6. Let s(u) = u**3 - 2*u**2 - u - 1. Let c be s(l). Suppose 534 = c*d + d. What are the prime factors of d?
89
Let j = -36 + 38. Let t be 553/14 - 3/j. Suppose -t*f + 208 = -34*f. List the prime factors of f.
2, 13
Let n(g) = g**3 + 6*g**2 + 7*g + 8. Let p be n(-4). Let d(v) = p*v + 10*v - 26*v + 195. List the prime factors of d(0).
3, 5, 13
Let q be (-64)/736 + 144/69 + 2. Suppose 90 = -r + 5*k + 873, -q*r = 2*k - 3044. What are the prime factors of r?
7, 109
Suppose -13*y = -17*y + 83496 + 162336. What are the prime factors of y?
2, 3, 10243
Let i(o) = 883*o**2 + 9*o - 3 + 7*o - 23*o + 8*o + 1. List the prime factors of i(1).
2, 3, 7
Let l(o) = -778*o - 41. Let i(r) = -r**3 + 2*r**2 - 6*r + 4. Let b be i(1). What are the prime factors of l(b)?
11, 67
Let a = -333 + 567. Let j = a + -164. Let f = 125 - j. List the prime factors of f.
5, 11
What are the prime factors of ((-200)/(-5))/5 + 41328/8?
2, 13, 199
Let c be 195/12 + 6/(-24). Let j be c*(0 - (3 - 6/4)). What are the prime factors of (-4)/j - 3644/(-24)?
2, 19
Let y = 8266 + -4927. Let q = y - 2325. What are the prime factors of q?
2, 3, 13
Let x(q) be the third derivative of 7*q**4/24 + 11*q**3/3 - 551*q**2. Suppose 4 = -5*p + 29. List the prime factors of x(p).
3, 19
Let g(n) = n + 5. Suppose -2*v + 18 = -4*z, -3*z - 4*v - v - 33 = 0. Let s be g(z). What are the prime factors of (-732)/(-10) + s*4/20?
73
Suppose -2*q + 39000 = o, -284*q - 5*o + 39024 = -282*q. What are the prime factors of q?
3, 67, 97
Let v(s) = 60*s - 55. Let p be v(7). Let x(f) = 5*f**2 + f - 2. Let q be x(2). Suppose 0 = q*m - 15*m - p. List the prime factors of m.
73
Let a be 1 + 4*1/4. Let y(o) = 131*o**2 + 3*o + 2. List the prime factors of y(a).
2, 7, 19
Let s(c) = -2*c - 40. Let f be s(-17). Let w(y) = y**3 + 7*y**2 + 5*y - 6. Let r be w(f). Suppose r*n - 45 = -n. List the prime factors of n.
3, 5
Suppose -6*d - 4*h = -16456, 0*d - 3*h + 2745 = d. List the prime factors of d.
2, 3, 457
Suppose 29 - 2 = -3*m. Let q be m/(-27)*(-1 - -31). Suppose 14*f = q*f + 660. What are the prime factors of f?
3, 5, 11
Suppose 2*s - 52071 = l, -67*s + 70*s = 12*l + 78033. List the prime factors of s.
13, 2003
Suppose -3*h = -4*h + 5. Suppose h*v - 9*v = -c - 8, 5*v - 10 = -3*c. Suppose 0 = -r + 3*m + 114, 2*r + 3*r - 2*m - 635 = c. What are the prime factors of r?
3, 43
Suppose 19*g - 67952 = 2*g + 81529. List the prime factors of g.
3, 977
Let j(h) = h**3 + 9*h**2 - 6*h. Let d be j(-5). Suppose 41 = o + 5*q + d, -5*o - 423 = 3*q. Let w = -33 - o. What are the prime factors of w?
3, 17
Let p = 6446 - 1997. What are the prime factors of p?
3, 1483
Let j(a) = 25*a + 78. Suppose -69 = -5*w + 3*p, -2*w + 2*p + 16 = -14. What are the prime factors of j(w)?
2, 3, 7
Suppose 5*p + 3 = -2*u + 17, 0 = -2*p - 3*u - 1. Suppose -3113 = -4*k - p*v - v, -4*v + 20 = 0. List the prime factors of k.
2, 193
Suppose 2*a = -4*a + 234. Suppose 0 = a*t + 2*t - 51496. List the prime factors of t.
2, 157
Let l be (-6*(-2)/(-3))/((-2)/97). Let k = 14 - 10. Suppose 2*s - 111 = -y, 3*y - l = -k*s + 143. List the prime factors of y.
5, 23
Let f(q) = 893*q - 121. List the prime factors of f(8).
3, 2341
Let g be (0 - -44190) + (43 + -7)/9. Suppose -38*u = -0*u - g. List the prime factors of u.
1163
Let m = -35 - -483. Let s(z) = -z**3 - 4*z**2 + 3*z - 5. Let i be s(-5). Suppose i*f - m = f. What are the prime factors of f?
2, 7
Suppose 0 = -u - 2*w - 572, -u - 720 = -3*w - 158. Let m = u - -901. What are the prime factors of m?
3, 37
Let r(y) = -4*y + 34. Let x be r(14). Let b = -28 - x. What are the prime factors of (-18)/(-27) - 266/b?
3, 5
Let v be (-3 + 1)/(5 + (-1 - 5)). Suppose 4*a = 5*q - 3645, 3*q + 6*a - 2187 = v*a. List the prime factors of q.
3
Suppose -25 = 5*l, -335*z + 332*z - 3*l + 12492 = 0. What are the prime factors of z?
11, 379
Let a(c) = -22*c - 2. Let k be a(-7). Let y(x) = -x**3 - 6*x**2 + x + 8. Let u be y(-6). Suppose -h - 1 = 0, 0*t - 4*h + k = u*t. List the prime factors of t.
2, 3, 13
Let j(v) = 265*v**2 + 178*v - 2098. What are the prime factors of j(11)?
5, 1277
Let n(s) = s**3 + 27*s**2 - 4*s + 55. Let u be (-27)/6*(9 + -3). List the prime factors of n(u).
163
Let i = 47394 - -22705. List the prime factors of i.
70099
Suppose 45 = 26*c - 33. Suppose -2*k + 3*d = 451, -2*d = 4*k + 268 + 594. What are the prime factors of (-1)/(-2) - (c - k/(-4))?
2, 13
Suppose -30 = -9*d + 4*d. Suppose 0 = -11*j + 8*j + d. Suppose -j*c = -3*c + 2. What are the prime factors of c?
2
Suppose 20 = -k + 6*k. Suppose k*z - 3*i = -327, 10*z + 395 = 5*z + i. Let w = z + 113. List the prime factors of w.
5, 7
Let a = -13 + 26. Let m = 18 - a. Suppose 3*p + 42 = 3*s - 0*s, m*p + 10 = 0. What are the prime factors of s?
2, 3
Suppose -16090 = -9*a + 124643. List the prime factors of a.
19, 823
Suppose 5*d = -168 - 237. Suppose 3*n = 8*n - 5*a + 150, -2*a + 8 = 0. Let v = n - d. List the prime factors of v.
5, 11
Let o = -2348 + 2838. What are the prime factors of o?
2, 5, 7
Suppose 12*w - 391 = -2167. Let i = w + 156. List the prime factors of i.
2
Let p be -2 - (-7)/(14/20). Suppose 3*b = -g + 182, 4*b = -5*g + b + 970. Suppose -p*f + g = -603. List the prime factors of f.
2, 5
Let m(j) = -24 + 1000*j - 110 + 11 - 1105*j. What are the prime factors of m(-8)?
3, 239
Let t = 32 - 14. Suppose -3*l = -r - 5, -5*l + t + 9 = 3*r. Suppose -5*f = 2*x - 565, -3*f + r*x + 535 = 2*f. List the prime factors of f.
3, 37
Let s = -174 + 5420. List the prime factors of s.
2, 43, 61
Suppose 2*f = -2*l + 93102, l = -4*f + 227992 - 41779. List the prime factors of f.
2, 3, 7759
List the prime factors of -1 + -3 - -7107 - ((2 - 12) + 5).
2, 1777
Let m(f) = -88*f - 5. Let c = -155 + 152. What are the prime factors of m(c)?
7, 37
Let w(x) = -70680*x**3 - 4*x - 1. What are the prime factors of w(-1)?
3, 23561
Let d be (-4)/(-5) + (-33)/(-15). Suppose -36 - 137 = -3*i - 4*m, -d*i = -5*m - 128. List the prime factors of i.
3, 17
Suppose 3*y + 5*v - 20 = 0, 10*y - v = 11*y - 4. What are the prime factors of (y - -146)/((1 + 3)/4)?
2, 73
Let i = 38903 + -2859. What are the prime factors of i?
2, 9011
Suppose 5*t = -2*i + 2000, -t = -9*i + 10*i - 1003. List the prime factors of i.
3, 5, 67
Let i = 1685 - 1178. What are the prime factors of i?
3, 13
Suppose 6*r = -4*r + 5550. Let s = -329 + r. What are the prime factors of s?
2, 113
Let a(b) = -2*b + 7. Let t be a(8). List the prime factors of (-274)/(-18) + 2/t + -1.
2, 7
Suppose 5*k + 3646 = -2*m, 3*k - 11 - 1 = 0. What are the prime factors of (-2)/4 - m/(-12)*-2?
5, 61
Let u(q) = 20*q**3 + 21*q**2 - 15*q + 82. List the prime factors of u(10).
2, 3, 17
Let c(t) = 2077*t**2 - 88*t - 263. List the prime factors of c(-3).
2, 13, 719
Suppose 36*s = 47*s - 46871. List the prime factors of s.
4261
Suppose -4*c = -b 